{"id":1103,"date":"2024-11-11T11:45:09","date_gmt":"2024-11-11T11:45:09","guid":{"rendered":"https:\/\/kurumsalhediyelik.com.tr\/?post_type=product&#038;p=1103"},"modified":"2025-09-13T09:31:06","modified_gmt":"2025-09-13T09:31:06","slug":"hediyelik-set-630","status":"publish","type":"product","link":"https:\/\/kurumsalhediyelik.com.tr\/?product=hediyelik-set-630","title":{"rendered":"HED\u0130YEL\u0130K SET 630"},"content":{"rendered":"","protected":false},"excerpt":{"rendered":"<p><img loading=\"lazy\" decoding=\"async\" src=\"http:\/\/www.jadepromosyon.com\/wp-content\/uploads\/YERL\u0130-600x248.png\" alt=\"\" width=\"100\" height=\"40\" class=\"alignleft size-thumbnail wp-image-3538\" \/><br \/>\n<strong><br \/>\n<strong><\/p>\n<p style=\"border:2px solid Tomato;\"><font color=\"#ff0000\"> \u0130ND\u0130R\u0130M KAMPANYAMIZ  STOKLARLA SINIRLIDIR.. <\/font> <\/p>\n<hr>\n","protected":false},"featured_media":1105,"comment_status":"open","ping_status":"closed","template":"","meta":[],"product_brand":[],"product_cat":[45],"product_tag":[40,41,42,43,44],"class_list":{"0":"post-1103","1":"product","2":"type-product","3":"status-publish","4":"has-post-thumbnail","6":"product_cat-hediyelik-vip-set","7":"product_tag-hediyelik-vip-set","8":"product_tag-kurumsal-hediyelik","9":"product_tag-kutulu-promosyon-set","10":"product_tag-kutulu-hediye-seti","11":"product_tag-promosyon-seti","13":"first","14":"instock","15":"shipping-taxable","16":"product-type-simple"},"_links":{"self":[{"href":"https:\/\/kurumsalhediyelik.com.tr\/index.php?rest_route=\/wp\/v2\/product\/1103"}],"collection":[{"href":"https:\/\/kurumsalhediyelik.com.tr\/index.php?rest_route=\/wp\/v2\/product"}],"about":[{"href":"https:\/\/kurumsalhediyelik.com.tr\/index.php?rest_route=\/wp\/v2\/types\/product"}],"replies":[{"embeddable":true,"href":"https:\/\/kurumsalhediyelik.com.tr\/index.php?rest_route=%2Fwp%2Fv2%2Fcomments&post=1103"}],"wp:featuredmedia":[{"embeddable":true,"href":"https:\/\/kurumsalhediyelik.com.tr\/index.php?rest_route=\/wp\/v2\/media\/1105"}],"wp:attachment":[{"href":"https:\/\/kurumsalhediyelik.com.tr\/index.php?rest_route=%2Fwp%2Fv2%2Fmedia&parent=1103"}],"wp:term":[{"taxonomy":"product_brand","embeddable":true,"href":"https:\/\/kurumsalhediyelik.com.tr\/index.php?rest_route=%2Fwp%2Fv2%2Fproduct_brand&post=1103"},{"taxonomy":"product_cat","embeddable":true,"href":"https:\/\/kurumsalhediyelik.com.tr\/index.php?rest_route=%2Fwp%2Fv2%2Fproduct_cat&post=1103"},{"taxonomy":"product_tag","embeddable":true,"href":"https:\/\/kurumsalhediyelik.com.tr\/index.php?rest_route=%2Fwp%2Fv2%2Fproduct_tag&post=1103"}],"curies":[{"name":"wp","href":"https:\/\/api.w.org\/{rel}","templated":true}]}}