{"id":448,"date":"2023-10-26T10:25:01","date_gmt":"2023-10-26T10:25:01","guid":{"rendered":"http:\/\/kurumsalhediyelik.com.tr\/?page_id=448"},"modified":"2023-10-26T10:28:22","modified_gmt":"2023-10-26T10:28:22","slug":"hakkk","status":"publish","type":"page","link":"https:\/\/kurumsalhediyelik.com.tr\/?page_id=448","title":{"rendered":"HAKKIMIZDA"},"content":{"rendered":"<p id=\"ember2737\">Kuruldu\u011fu g\u00fcnden itibaren m\u00fc\u015fteri memnuniyetini temel hedef olarak belirleyen ve bu do\u011frultuda pazarlama politikalar\u0131n\u0131 olu\u015fturan&nbsp;<strong>JADE REKLAM<\/strong>&nbsp;\u00e7ok k\u0131sa bir zaman i\u00e7erisinde bu y\u00f6nde atm\u0131\u015f oldu\u011fu ad\u0131mlar\u0131n kar\u015f\u0131l\u0131\u011f\u0131n\u0131 alarak promosyon sekt\u00f6r\u00fcn\u00fcn \u00f6nde gelen firmalar\u0131ndan biri haline gelmi\u015ftir.<br>\u00dcstlenmi\u015f oldu\u011fumuz misyonun bilincinde olarak m\u00fc\u015fterilerinin ihtiya\u00e7lar\u0131na y\u00fcksek kalite ve uygun fiyat politikalar\u0131n\u0131n yan\u0131 s\u0131ra, sat\u0131\u015f \u00f6ncesi ve sonras\u0131nda vermi\u015f oldu\u011fu hizmetlerle, \u00e7al\u0131\u015fm\u0131\u015f oldu\u011fumuz firmalar\u0131n promosyon konusunda \u00e7\u00f6z\u00fcm orta\u011f\u0131 olmay\u0131 s\u00fcrd\u00fcrmekteyiz.<br>Bununla birlikte firmalar\u0131n tan\u0131t\u0131m\u0131 konusunda \u00f6nemli bir yer edinen promosyon \u00fcr\u00fcnleri ile ilgili olarak firmalar\u0131n tan\u0131t\u0131mlar\u0131n\u0131 daha etkin ve daha do\u011fru bir \u015fekilde yapabilmeleri i\u00e7in m\u00fc\u015fterilerine alternatif \u00fcr\u00fcn olu\u015fturmaktay\u0131z.<\/p><h4 class=\"wp-block-heading\"><\/h4><p><strong>Promosyon<\/strong>&nbsp;hayata renk katmakt\u0131r.&nbsp;<strong>Promosyon<\/strong>&nbsp;reklam ve tan\u0131t\u0131m\u0131n yans\u0131mas\u0131d\u0131r.<br><strong>Promosyon<\/strong>, geli\u015fen d\u00fcnyam\u0131zda firmalar\u0131n kendilerini yada \u00fcr\u00fcnlerini tan\u0131tmak ve m\u00fc\u015fterilerinin be\u011fenisine sunmak i\u00e7in kulland\u0131klar\u0131 en etkili y\u00f6ntemlerden bir tanesidir.<br><strong>Promosyon<\/strong>, hayat\u0131m\u0131z\u0131n her alan\u0131na hitap eden \u00fcr\u00fcnlerde, m\u00fc\u015fterilerimizle i\u00e7 i\u00e7e olarak onlarla b\u00fct\u00fcnl\u00fck sa\u011flamak demektir.<br><strong>Promosyon<\/strong>, marka de\u011ferimizi y\u00fckseltmek ve hedef kitlelerimize ula\u015fmak demektir.<br><strong>Promosyon<\/strong>, kendi reklam\u0131m\u0131z\u0131 yaparak insanlarda merak uyand\u0131rmak demektir.<br><strong>Promosyon<\/strong>, insanlar\u0131n g\u00fcnl\u00fck hayatta kullanabildikleri \u00fcr\u00fcnlerden se\u00e7ilerek yap\u0131lmaktad\u0131r. B\u00f6ylece Hedef kitlenize yarar sa\u011flars\u0131n\u0131z.<br><strong>JADE REKLAM<\/strong>, bu konuda siz de\u011ferli m\u00fc\u015fterilerimize rehber olmay\u0131 ve markan\u0131z\u0131 ilerilere ta\u015f\u0131may\u0131 hedeflemektedir.<\/p>","protected":false},"excerpt":{"rendered":"<p>Kuruldu\u011fu g\u00fcnden itibaren m\u00fc\u015fteri memnuniyetini temel hedef olarak belirleyen ve bu do\u011frultuda pazarlama politikalar\u0131n\u0131 olu\u015fturan&nbsp;JADE REKLAM&nbsp;\u00e7ok k\u0131sa bir zaman i\u00e7erisinde bu y\u00f6nde atm\u0131\u015f oldu\u011fu ad\u0131mlar\u0131n kar\u015f\u0131l\u0131\u011f\u0131n\u0131 alarak promosyon sekt\u00f6r\u00fcn\u00fcn \u00f6nde gelen firmalar\u0131ndan biri haline gelmi\u015ftir.\u00dcstlenmi\u015f oldu\u011fumuz misyonun bilincinde olarak m\u00fc\u015fterilerinin ihtiya\u00e7lar\u0131na y\u00fcksek kalite ve uygun fiyat politikalar\u0131n\u0131n yan\u0131 s\u0131ra, sat\u0131\u015f \u00f6ncesi ve sonras\u0131nda vermi\u015f oldu\u011fu [&hellip;]<\/p>\n","protected":false},"author":1,"featured_media":0,"parent":0,"menu_order":0,"comment_status":"closed","ping_status":"closed","template":"","meta":{"footnotes":""},"class_list":["post-448","page","type-page","status-publish","hentry"],"_links":{"self":[{"href":"https:\/\/kurumsalhediyelik.com.tr\/index.php?rest_route=\/wp\/v2\/pages\/448"}],"collection":[{"href":"https:\/\/kurumsalhediyelik.com.tr\/index.php?rest_route=\/wp\/v2\/pages"}],"about":[{"href":"https:\/\/kurumsalhediyelik.com.tr\/index.php?rest_route=\/wp\/v2\/types\/page"}],"author":[{"embeddable":true,"href":"https:\/\/kurumsalhediyelik.com.tr\/index.php?rest_route=\/wp\/v2\/users\/1"}],"replies":[{"embeddable":true,"href":"https:\/\/kurumsalhediyelik.com.tr\/index.php?rest_route=%2Fwp%2Fv2%2Fcomments&post=448"}],"version-history":[{"count":4,"href":"https:\/\/kurumsalhediyelik.com.tr\/index.php?rest_route=\/wp\/v2\/pages\/448\/revisions"}],"predecessor-version":[{"id":454,"href":"https:\/\/kurumsalhediyelik.com.tr\/index.php?rest_route=\/wp\/v2\/pages\/448\/revisions\/454"}],"wp:attachment":[{"href":"https:\/\/kurumsalhediyelik.com.tr\/index.php?rest_route=%2Fwp%2Fv2%2Fmedia&parent=448"}],"curies":[{"name":"wp","href":"https:\/\/api.w.org\/{rel}","templated":true}]}}